{"id":3,"date":"2018-07-18T08:48:09","date_gmt":"2018-07-18T08:48:09","guid":{"rendered":"https:\/\/eftersidning.dk\/blog\/?page_id=3"},"modified":"2019-10-03T12:23:03","modified_gmt":"2019-10-03T12:23:03","slug":"cookies-og-privatliv","status":"publish","type":"page","link":"https:\/\/eftersidning.dk\/blog\/cookies-og-privatliv\/","title":{"rendered":"Cookies og privatliv"},"content":{"rendered":"<h2>Cookie- og privatlivspolitik<\/h2>\n<p><strong>TL;DR. Den simple forklaring\u00a0<\/strong><\/p>\n<p>Vi kan lige s\u00e5 godt v\u00e6re \u00e6rlige&#8230; Hos Eftersidnings Podcasts interessere vi os ikke en skid for cookies! Vi har ingen avancerede funktioner p\u00e5 dette website, da Morten er for doven til at lave det.<\/p>\n<p>Alle vores lyttere lytter alligevel fra iTunes og Spotify, s\u00e5 web-afspilleren er mest bare for looks (bruger du den, m\u00e5 du gerne skrive til Morten p\u00e5 <a href=\"mailto:podcast@mortenyde.com\">podcast@mortenyde.com<\/a> s\u00e5 bliver han glad, og vil m\u00e5ske forbedre den&#8230;).<\/p>\n<p>Men ellers er der lidt cookies fra Google Analytics og Facebook, for dem slipper man ikke for, hvis man har statistik eller en dele-knap &#8211; og s\u00e5dan er det bare&#8230; &#8211; Og vi vil rigtig gerne have statistik p\u00e5 bes\u00f8gene, for det er den eneste m\u00e5de vi ved om vi om I er der. \ud83d\ude00<\/p>\n<p>Det var bare det!&#8230;<\/p>\n<h2>Men ellers &#8211; den officielle sm\u00f8re&#8230;<\/h2>\n<p><strong>Introduktion<br \/>\n<\/strong>N\u00e5r du bes\u00f8ger vores website indsamles der oplysninger om dig, som bruges til at tilpasse og forbedre vores indhold der vises p\u00e5 siden. Hvis du ikke \u00f8nsker, at der indsamles oplysninger, b\u00f8r du slette dine cookies (<a href=\"http:\/\/minecookies.org\/cookiehandtering\">se vejledning<\/a>) og undlade videre brug af websitet. Nedenfor har vi uddybet, hvilke informationer der indsamles, deres form\u00e5l og hvilke tredjeparter, der har adgang til dem.<\/p>\n<p><strong>Cookies<\/strong><br \/>\nWebsitet anvender \u201dcookies\u201d, der er en tekstfil, som gemmes p\u00e5 din computer, mobil el. tilsvarende med det form\u00e5l at genkende den, huske indstillinger, udf\u00f8re statistik og m\u00e5lrette annoncer. Cookies kan ikke indeholde skadelig kode som f.eks. virus.<\/p>\n<p>Det er muligt at slette eller blokere for cookies. Se vejledning: <a href=\"http:\/\/minecookies.org\/cookiehandtering\">http:\/\/minecookies.org\/cookiehandtering<\/a><\/p>\n<p>Hvis du sletter eller blokerer cookies kan desuden risikere at websitet ikke fungerer optimalt samt at der er indhold, du ikke kan f\u00e5 adgang til.<\/p>\n<p>Websitet indeholder cookies fra tredjeparter, der i varierende omfang kan omfatte:<\/p>\n<ul>\n<li>Google Analytics<\/li>\n<li><i>Facebook<\/i><\/li>\n<li>Cloudflare<\/li>\n<\/ul>\n<p><strong>Personoplysninger<\/strong><\/p>\n<p><strong>Generelt<br \/>\n<\/strong>Personoplysninger er alle slags informationer, der i et eller andet omfang kan henf\u00f8res til dig. N\u00e5r du benytter vores website indsamler og behandler vi en r\u00e6kke s\u00e5danne informationer. Det sker f.eks. ved alm. tilgang af indhold, eller hvis du afspiller lyd via. websitet.<\/p>\n<p>Vi indsamler og behandler typisk f\u00f8lgende typer af oplysninger: Et unikt ID og tekniske oplysninger om din computer, tablet eller mobiltelefon, dit IP-nummer, samt hvilke sider du klikker p\u00e5 (interesser). I det omfang du selv giver eksplicit samtykke hertil og selv indtaster informationerne behandles desuden: Navn, telefonnummer, e-mail, adresse og betalingsoplysninger. Det vil typisk v\u00e6re i forbindelse med oprettelse af login eller ved k\u00f8b.<\/p>\n<p><strong>Sikkerhed<br \/>\n<\/strong>Vi har truffet tekniske og organisatoriske foranstaltninger mod, at dine oplysninger h\u00e6ndeligt eller ulovligt bliver slettet, offentliggjort, fortabt, forringet eller kommer til uvedkommendes kendskab, misbruges eller i \u00f8vrigt behandles i strid med lovgivningen.<\/p>\n<p><strong>Form\u00e5l<br \/>\n<\/strong>Oplysningerne bruges til at identificere dig som bruger og vise dig de annoncer, som vil have st\u00f8rst sandsynlighed for at v\u00e6re relevante for dig, at registrere dine k\u00f8b og betalinger, samt at kunne levere de services, du har efterspurgt, som f.eks. at fremsende et nyhedsbrev. Herudover anvender vi oplysningerne til at optimere vores services og indhold.<\/p>\n<p><strong>Periode for opbevaring<br \/>\n<\/strong>Oplysningerne opbevares i det tidsrum, der er tilladt i henhold til lovgivningen, og vi sletter dem, n\u00e5r de ikke l\u00e6ngere er n\u00f8dvendige. Perioden afh\u00e6nger af karakteren af oplysningen og baggrunden for opbevaring. Det er derfor ikke muligt at angive en generel tidsramme for, hvorn\u00e5r informationer slettes.<\/p>\n<p><strong>Videregivelse af oplysninger<br \/>\n<\/strong>Data om din brug af websitet, hvilke annoncer, du modtager og evt. klikker p\u00e5, geografisk placering, k\u00f8n og alderssegment m.v. videregives til tredjeparter i det omfang disse oplysninger er kendt. Du kan se hvilke tredjeparter, der er tale om, i afsnittet om \u201dCookies\u201d ovenfor. Oplysningerne anvendes til statistik med brug af siden samt bes\u00f8gende.<\/p>\n<p>Vi benytter herudover en r\u00e6kke tredjeparter til opbevaring og behandling af data. Disse behandler udelukkende oplysninger p\u00e5 vores vegne og m\u00e5 ikke anvende dem til egne form\u00e5l.<\/p>\n<p>Videregivelse af personoplysninger som navn og e-mail m.v. vil kun ske, hvis du giver samtykke til det. Vi anvender kun databehandlere i EU eller i lande, der kan give dine oplysninger en tilstr\u00e6kkelig beskyttelse.<\/p>\n<p><strong>Indsigt og klager<br \/>\n<\/strong>Du har ret til at f\u00e5 oplyst, hvilke personoplysninger, vi behandler om dig. Du kan desuden til enhver tid g\u00f8re indsigelse mod, at oplysninger anvendes. Du kan ogs\u00e5 tilbagekalde dit samtykke til, at der bliver behandlet oplysninger om dig. Hvis de oplysninger, der behandles om dig, er forkerte har du ret til at de bliver rettet eller slettet. Henvendelse herom kan ske til: podcast@mortenyde.com. Hvis du vil klage over vores behandling af dine personoplysninger, har du ogs\u00e5 mulighed for at tage kontakt til <a href=\"http:\/\/www.datatilsynet.dk\/\">Datatilsynet<\/a>.<\/p>\n<p><strong>Udgiver<br \/>\n<\/strong>Websitet ejes og publiceres af:<\/p>\n<p>Eftersidnings Podcasts<br \/>\nToftevej 45<br \/>\n8362 H\u00f8rning<br \/>\nE-mail: <a href=\"mailto:podcast@mortenyde.com\">podcast@mortenyde.com<\/a><\/p>\n","protected":false},"excerpt":{"rendered":"<p>Cookie- og privatlivspolitik TL;DR. Den simple forklaring\u00a0 Vi kan lige s\u00e5 godt v\u00e6re \u00e6rlige&#8230; Hos Eftersidnings Podcasts interessere vi os ikke en skid for cookies! Vi har ingen avancerede funktioner p\u00e5 dette website, da Morten er for doven til at lave det. Alle vores lyttere lytter alligevel fra iTunes og Spotify, s\u00e5 web-afspilleren er mest [&hellip;]<\/p>\n","protected":false},"author":1,"featured_media":0,"parent":0,"menu_order":0,"comment_status":"closed","ping_status":"open","template":"","meta":{"footnotes":""},"class_list":["post-3","page","type-page","status-publish","hentry"],"_links":{"self":[{"href":"https:\/\/eftersidning.dk\/blog\/wp-json\/wp\/v2\/pages\/3","targetHints":{"allow":["GET"]}}],"collection":[{"href":"https:\/\/eftersidning.dk\/blog\/wp-json\/wp\/v2\/pages"}],"about":[{"href":"https:\/\/eftersidning.dk\/blog\/wp-json\/wp\/v2\/types\/page"}],"author":[{"embeddable":true,"href":"https:\/\/eftersidning.dk\/blog\/wp-json\/wp\/v2\/users\/1"}],"replies":[{"embeddable":true,"href":"https:\/\/eftersidning.dk\/blog\/wp-json\/wp\/v2\/comments?post=3"}],"version-history":[{"count":5,"href":"https:\/\/eftersidning.dk\/blog\/wp-json\/wp\/v2\/pages\/3\/revisions"}],"predecessor-version":[{"id":140,"href":"https:\/\/eftersidning.dk\/blog\/wp-json\/wp\/v2\/pages\/3\/revisions\/140"}],"wp:attachment":[{"href":"https:\/\/eftersidning.dk\/blog\/wp-json\/wp\/v2\/media?parent=3"}],"curies":[{"name":"wp","href":"https:\/\/api.w.org\/{rel}","templated":true}]}}